Let q = -127 + t. What are the prime factors of q?
2, 37
Let y(g) = -35*g**3 - g**2 + 3*g + 3. What are the prime factors of y(-2)?
3, 7, 13
Let q be ((-5)/10)/((-1)/28). Let n be (36/(-21))/((-4)/q). List the prime factors of 3*(-1)/(n/(-34)).
17
What are the prime factors of (2 - -2 - 8) + 266?
2, 131
Let b(p) = 118*p + 13. What are the prime factors of b(13)?
7, 13, 17
Let q be ((-12)/5)/(6/(-140)). Let p be (-3)/(4/q*-3). Let w = p - 9. What are the prime factors of w?
5
Let l = 908 - 191. List the prime factors of l.
3, 239
Suppose 35 = -5*t - 2*q - 3*q, 4*q = 2*t + 8. Let n = -21 - t. What are the prime factors of n/(-2) + 2/4?
2
Let z = 354 - 154. Suppose 4*i = -i + z. Let v = i + -20. List the prime factors of v.
2, 5
Suppose 4*h = 7*h - 447. List the prime factors of h.
149
Let p(k) = k**2 + 8*k + 15. Let d be p(-6). Suppose d*a - 2*a = 86. Suppose 2 = -s - 3*q + 12, 5*s + 3*q = a. What are the prime factors of s?
19
Let t = -31 - -91. Suppose -5*b - 5*y + 365 = 0, -y + t - 377 = -4*b. List the prime factors of b.
2, 3, 13
Let y = 135 - -178. List the prime factors of y.
313
Suppose 0 = 5*k + 15, -2*c = -3*c - k + 4. Let p(f) = f**2 + 3*f - 1. List the prime factors of p(c).
3, 23
Suppose -2*q + f = 452, 2*f = -0*q - 4*q - 920. What are the prime factors of q/(-10)*(-40)/(-16)?
3, 19
Let a(k) = -3*k + 1. Let q be a(-1). Let j(x) = 3*x**2 - 3*x + 9. Let w(h) = -h**2 + 2*h - 5. Let l(t) = q*j(t) + 7*w(t). What are the prime factors of l(-1)?
2
Let z be 27/1 - (-2 - -5). Let f(h) = -5 + h + 4 + 2 - z*h**3 - 4*h**2 + 5*h**2. What are the prime factors of f(-1)?
5
Suppose -26*t = -17*t - 13761. List the prime factors of t.
11, 139
Let i = -115 + 1168. What are the prime factors of i?
3, 13
Let a = -193 + 221. List the prime factors of a.
2, 7
Let m be 15/(-25) - 28/(-5). Suppose 2*t - 4*d - 5 = -1, -m*t = 5*d - 10. List the prime factors of t/(16/(-212))*-2.
53
Suppose 2*y - 4*y + 62 = 0. Let i = -19 + y. Suppose v = b + 15, -v = 2*b + 3 - i. List the prime factors of v.
13
Let j(r) = -r**3 - 4*r**2 + 5*r + 6. Let v be j(-5). Let s = 9 - v. List the prime factors of s.
3
What are the prime factors of 5 + (1 + 318 - 4)?
2, 5
Suppose 3*d + n - 20 = 0, 0 = -2*d + 4*n - n - 5. Suppose 0 = -4*w + 5*t - 52, d*w + 2*t = -0*t - 32. Let o = 29 + w. What are the prime factors of o?
3, 7
Let n(s) = 40*s**2 - 2*s. Suppose 5*g - 15 = -5*f, 7 = -f + 5*g - 2. List the prime factors of n(f).
2, 19
Let h(d) = d**3 - 14*d**2 - 28*d + 56. Let o be h(16). Let u = -1 + 4. Suppose u*c + 2*c - o = 0. What are the prime factors of c?
2, 3
Let s be (48/(-20) - -3) + (-48)/(-20). Suppose -j + 55 = s*z - 0*z, -z + 331 = 5*j. List the prime factors of j.
67
Let o(m) = 18*m**2 - 5 + m - 1 + 6 - 3. List the prime factors of o(2).
71
Let l = 5857 - 3789. List the prime factors of l.
2, 11, 47
Suppose -3*y = 6, 2040 = 3*p - 4*y + 682. Let n = p - 218. What are the prime factors of n?
2, 29
Let v be (13 - 15)*(-1 + -1). Suppose -v*z + 41 - 5 = 0. What are the prime factors of (4 + -1)*105/z?
5, 7
List the prime factors of 3 + 1780/(-15)*-3 + -6.
353
Let i be 1/(-1)*146 - -1. Let a be (-292)/(-6)*((-11)/(-2) - 1). Let x = a + i. List the prime factors of x.
2, 37
Let i = -75 + 75. Suppose 3*y - 4*n + 0*n - 343 = i, 0 = -y + 4*n + 117. List the prime factors of y.
113
Let g(i) = -16*i**3 + 3*i**2 + 15*i + 140. List the prime factors of g(-6).
2, 13, 139
Let z(d) = -15 - 9*d + 0*d + d + 5. What are the prime factors of z(-4)?
2, 11
List the prime factors of (13 + -8)*27*(-4)/(-30).
2, 3
Suppose 2*v = v + 345. Suppose -5*p - v = g, -2*g + 229 = -4*p - 61. List the prime factors of p*(0 - (-1)/(-2)).
5, 7
Let b = 25 + -21. Suppose 4*a + 12 = -b. Let g = 9 - a. List the prime factors of g.
13
Suppose 0 = -0*k - 24*k + 11568. List the prime factors of k.
2, 241
List the prime factors of (-116)/(-638) - (-55251)/11.
5023
Let h(i) = 2*i**2 + 5*i + 7. Let p be h(-5). Let w = 109 + -28. Let x = w - p. What are the prime factors of x?
7
Suppose -44 + 4 = -4*y. Suppose 0 = 5*z + y - 45. Suppose 2*h = z*h - 100. List the prime factors of h.
2, 5
Let b = -6108 - -9642. What are the prime factors of b?
2, 3, 19, 31
Suppose -337 = -4*j - 921. Let l = -77 - j. List the prime factors of l.
3, 23
Suppose -g - 20*b + 21*b = -528, 0 = -2*b - 8. What are the prime factors of g?
2, 131
Let q = 15 + 34. Let t = 1 + q. What are the prime factors of 6/(-10) - (-230)/t?
2
Suppose -x - s = 0, -5*x + 8 = -10*x - 3*s. Let f(o) = -6*o - 3. List the prime factors of f(x).
3, 7
Let z(b) = 4*b**3 + b**2 - 3*b + 2. Let t be z(1). Suppose t*g + 8 = -0*g, -4*o + 712 = -2*g. What are the prime factors of o?
3, 59
Let c(l) be the first derivative of -l**4/4 + 2*l**3/3 - 2*l**2 - l - 22. List the prime factors of c(-3).
2, 7
Let c = -277 - -809. List the prime factors of c.
2, 7, 19
Let u be (-3)/7 - 18/7. Let a be 1 - 1 - (5 + u). List the prime factors of -4*a/12*6.
2
Suppose -5*c + 2753 = -x, -19*x + 14*x = -5*c + 2745. What are the prime factors of c?
19, 29
Let c be (-4 + 1)/(-1 - 0). Suppose 0 = -y + 5*f + 108, -y + 78 = c*f + 2*f. List the prime factors of y.
3, 31
Suppose -3*m = -0*m + 5*j - 100, -80 = -3*m + 5*j. Let y be ((-10)/15)/((-4)/m). Let l = y + -2. List the prime factors of l.
3
Suppose 0 = 5*k - 5*f - 45, -2*k + 1 = -5*f - 2. Let q be k - 3*(-1 - -2). Suppose 2*p - q = 23. What are the prime factors of p?
17
Let l(o) = o**3 + o**2 - 3*o + 36. Let a be l(0). Suppose 0 = 3*v - v + 6. List the prime factors of a + 6*v/(-9).
2, 19
Let w = -118 - -91. List the prime factors of 18/w + (-1006)/(-6).
167
Suppose 0 = 10*s - 5 - 35. Suppose 194 + 14 = s*y. List the prime factors of y.
2, 13
Let t(z) = 2*z**2 - 45*z - 34. What are the prime factors of t(40)?
2, 683
List the prime factors of 19 + -10 - (-4300 + 4).
3, 5, 7, 41
Let j be (-2)/5 + (-21)/35. Let z be j*(-2)/4*-86. Let a = -4 - z. What are the prime factors of a?
3, 13
Let x be (-2)/((-24)/68)*60. Let i = x - 108. List the prime factors of i.
2, 29
Suppose 5*v + 1 = 3*r + 9, 3*v = 2*r + 4. Suppose 0 = v*p + 4*w - 704, 3*w - 527 - 173 = -4*p. What are the prime factors of p?
2, 43
Let x = -198 + 343. Suppose x = 5*h + 4*o - 2*o, 5*o + 110 = 5*h. Let b = h + -5. List the prime factors of b.
2, 11
Suppose 0 = 3*l - 4*l. Suppose -j - 4*j = -y, l = 3*y - 4*j. Suppose y = -o - 4*o + 160. List the prime factors of o.
2
Let s be ((-8)/(-20))/(2/20). Let v be (-21)/(s/8*-3). Suppose 12*y + 8 = v*y. What are the prime factors of y?
2
Suppose 3*b + 4*t = 13, 0 = -b + t - 3 + 5. Let g be (1/b)/((-9)/(-135)). Suppose 4*m = g + 15. What are the prime factors of m?
5
List the prime factors of 13/((-13)/(-538)) + 4.
2, 271
Let f be (-2 - -11)*(4 - 3)*3. Suppose -a + f = -25. List the prime factors of a.
2, 13
Suppose 3*n = -2*o + 6, -5*n + o + 0*o + 23 = 0. Suppose 0 = n*y + 3*x + 109, -139 = 4*y - 4*x + x. Let h = y - -59. What are the prime factors of h?
2, 7
Let k be (-14*(-21)/(-24))/(10/(-360)). Let u = 683 - k. What are the prime factors of u?
2, 11
List the prime factors of 2550/2 + (-7 - -13).
3, 7, 61
Let r = 8 + -5. Suppose v - 6*v - 70 = -5*b, -5*b + r*v = -68. List the prime factors of b.
13
Suppose 34*n - 32*n = 2164. List the prime factors of n.
2, 541
List the prime factors of (2/11)/(-1) + 72111/33.
5, 19, 23
Suppose 934 = 4*m + d, 5*m - 355 - 805 = -5*d. Suppose u - 5 = 5*q + 43, 4*u + q = m. List the prime factors of u.
2, 29
Suppose -3*o = -3*b - 12, -4*b = -8*o + 3*o + 16. Suppose 2*c + 4*n - 5 = 3*n, 0 = c + 3*n + 10. What are the prime factors of (-1 + (o - -3))*c?
2, 5
Suppose c - 12763 = -4*t, -2*t = -3*c + 2360 - 8759. List the prime factors of t.
2, 3, 7, 19
Let m = 205 - -859. What are the prime factors of m?
2, 7, 19
Let a be 40/6*(-375)/(-20). Suppose -4*w - a = -49. Let g = -7 - w. List the prime factors of g.
2, 3
Let w(f) = -6*f - 5. Let t be w(-2). List the prime factors of (t/(-21))/(1/(-171)).
3, 19
Let w be 2/13 - 420/26. Let o = w - -43. List the prime factors of o.
3
Let i(b) = 7*b**2 + 6*b - 1. Let t(f) = 8*f**2 + 7*f - 1. Let x(v) = 6*i(v) - 5*t(v). Let q be x(3). What are the prime factors of 365/q - (-1)/(-4)?
2, 3
Let w = -3418 + 8504. List the prime factors of w.
2, 2543
Let a(p) = p**3 - 10*p**2 + 59*p - 2. L